{"id":88,"date":"2012-04-23T15:37:15","date_gmt":"2012-04-23T13:37:15","guid":{"rendered":"http:\/\/pigulka.home.pl\/migotanie\/?page_id=88"},"modified":"2012-05-29T16:38:08","modified_gmt":"2012-05-29T14:38:08","slug":"wystepowanie","status":"publish","type":"page","link":"https:\/\/www.migotanie-przedsionkow.pl\/?page_id=88","title":{"rendered":"Wyst\u0119powanie"},"content":{"rendered":"<p>Migotanie przedsionk\u00f3w stanowi najcz\u0119stsze utrwalone zaburzenie rytmu serca, b\u0119d\u0105ce przyczyn\u0105 ok. 1\/3 hospitalizacji z powodu arytmii. (2,3)<\/p>\n<p>Pomimo istotnego post\u0119pu, jaki dokona\u0142 si\u0119 w ramach opieki kardiologicznej, liczba nowych przypadk\u00f3w migotania przedsionk\u00f3w z ka\u017cdym rokiem wzrasta. Na podstawie du\u017cych bada\u0144 populacyjnych wiadomo, \u017ce cz\u0119sto\u015b\u0107 wyst\u0119powania migotania przedsionk\u00f3w podwoi\u0142a si\u0119 na przestrzeni ostatnich 50 lat, a liczba hospitalizacji z powodu migotania przedsionk\u00f3w w okresie ostatnich 20 lat wzros\u0142a \u015brednio o 60-70%, przy czym trend ten by\u0142 spowodowany g\u0142\u00f3wnie starzeniem si\u0119 populacji oraz wzrostem zapadalno\u015bci na choroby serca, z kt\u00f3rych ka\u017cda mo\u017ce by\u0107 potencjaln\u0105 przyczyn\u0105 migotania przedsionk\u00f3w. (2,3)<\/p>\n<p>\u015arednia cz\u0119sto\u015b\u0107 wyst\u0119powania migotania przedsionk\u00f3w w populacji og\u00f3lnej szacuje si\u0119 na 0,4-2,0% i zwi\u0119ksza si\u0119 ona z wiekiem, si\u0119gaj\u0105c 8-10% w grupie os\u00f3b powy\u017cej 80 roku \u017cycia. Wed\u0142ug aktualnych danych napadowe lub przetrwa\u0142e migotanie przedsionk\u00f3w stwierdzane jest u oko\u0142o 2,3 mln mieszka\u0144c\u00f3w Ameryki P\u00f3\u0142nocnej i 4,5 mln obywateli kraj\u00f3w europejskich, przy czym szacuje si\u0119, \u017ce liczba ta wzro\u015bnie do 5,6 mln w 2050 roku. (2)<\/p>\n<p>Du\u017ce badanie przeprowadzone pod koniec XX wieku wykaza\u0142o, \u017ce cz\u0119sto\u015b\u0107 wyst\u0119powania migotania przedsionk\u00f3w w\u015br\u00f3d m\u0119\u017cczyzn wzros\u0142a ponad dwukrotnie, a w\u015br\u00f3d kobiet pozosta\u0142a niezmieniona (4). Wskazuje si\u0119, \u017ce og\u00f3lne ryzyko wyst\u0105pienia migotania przedsionk\u00f3w jest 1,5x wi\u0119ksze u m\u0119\u017cczyzn ni\u017c u kobiet. Z drugiej strony s\u0105 te\u017c autorzy, kt\u00f3rzy wskazuj\u0105, \u017ce bezwzgl\u0119dna liczba m\u0119\u017cczyzn i kobiet z migotaniem przedsionk\u00f3w jest w przybli\u017ceniu taka sama. (2)<\/p>\n<p><strong>Pi\u015bmiennictwo: <\/strong><\/p>\n<ul>\n<li>2.\tTrusz-Gluza M., Lubi\u0144ski A., Migotanie Przedsionk\u00f3w \u2013 zagadnienia epidemiologiczne, Migotanie Przedsionk\u00f3w, Wydanie I, Termedia 2009, Pozna\u0144<\/li>\n<li>3.\tWytyczne dotycz\u0105ce post\u0119powania u chorych z migotaniem przedsionk\u00f3w. Kardiologia Polska 2010; 68 (Supl VII.): 487-566<\/li>\n<li>4.\tFriberg J, Scharling H, Gadsboll N, et al. Sex-specific increase in the prevalence of atrial fibrillation (The Copenhagen City Heart Study). Am J Cardiol 2003; 92: 1419-23. (str 1419)<\/li>\n<\/ul>\n","protected":false},"excerpt":{"rendered":"<p>Migotanie przedsionk\u00f3w stanowi najcz\u0119stsze utrwalone zaburzenie rytmu serca, b\u0119d\u0105ce przyczyn\u0105 ok. 1\/3 hospitalizacji z powodu arytmii. (2,3) Pomimo istotnego post\u0119pu, jaki dokona\u0142 si\u0119 w ramach opieki kardiologicznej, liczba nowych przypadk\u00f3w migotania przedsionk\u00f3w z ka\u017cdym rokiem wzrasta. Na podstawie du\u017cych bada\u0144 populacyjnych wiadomo, \u017ce cz\u0119sto\u015b\u0107 wyst\u0119powania migotania przedsionk\u00f3w podwoi\u0142a si\u0119 na przestrzeni ostatnich 50 lat, a [&hellip;]<\/p>\n","protected":false},"author":1,"featured_media":0,"parent":59,"menu_order":0,"comment_status":"open","ping_status":"closed","template":"","meta":{"footnotes":""},"_links":{"self":[{"href":"https:\/\/www.migotanie-przedsionkow.pl\/index.php?rest_route=\/wp\/v2\/pages\/88"}],"collection":[{"href":"https:\/\/www.migotanie-przedsionkow.pl\/index.php?rest_route=\/wp\/v2\/pages"}],"about":[{"href":"https:\/\/www.migotanie-przedsionkow.pl\/index.php?rest_route=\/wp\/v2\/types\/page"}],"author":[{"embeddable":true,"href":"https:\/\/www.migotanie-przedsionkow.pl\/index.php?rest_route=\/wp\/v2\/users\/1"}],"replies":[{"embeddable":true,"href":"https:\/\/www.migotanie-przedsionkow.pl\/index.php?rest_route=%2Fwp%2Fv2%2Fcomments&post=88"}],"version-history":[{"count":4,"href":"https:\/\/www.migotanie-przedsionkow.pl\/index.php?rest_route=\/wp\/v2\/pages\/88\/revisions"}],"predecessor-version":[{"id":228,"href":"https:\/\/www.migotanie-przedsionkow.pl\/index.php?rest_route=\/wp\/v2\/pages\/88\/revisions\/228"}],"up":[{"embeddable":true,"href":"https:\/\/www.migotanie-przedsionkow.pl\/index.php?rest_route=\/wp\/v2\/pages\/59"}],"wp:attachment":[{"href":"https:\/\/www.migotanie-przedsionkow.pl\/index.php?rest_route=%2Fwp%2Fv2%2Fmedia&parent=88"}],"curies":[{"name":"wp","href":"https:\/\/api.w.org\/{rel}","templated":true}]}}